prime number?
True
Is 706956109 composite?
False
Is 113800100669 prime?
False
Is 1353466838 composite?
True
Is 1479344591 composite?
False
Is 34170502195 a prime number?
False
Is 18452744831 a composite number?
False
Is 837731347 prime?
True
Is 33740851561 prime?
False
Is 316210834351 composite?
False
Is 13821043 composite?
False
Is 5852062435 a composite number?
True
Is 14177351081 prime?
False
Is 46371564763 prime?
True
Is 1019593021 a composite number?
False
Is 3793538731 prime?
False
Is 11099143021 prime?
False
Is 1442031551 a composite number?
False
Is 1790663555 a prime number?
False
Is 25051916639 prime?
True
Is 23224663141 a prime number?
False
Is 36700923407 a composite number?
True
Is 225418483 prime?
False
Is 1499132911 a composite number?
True
Is 11405878817 prime?
False
Is 62969240591 composite?
False
Is 514598633 composite?
True
Is 12539329969 composite?
True
Is 17298213401 a composite number?
True
Is 821646767 a prime number?
False
Is 5093212151 composite?
False
Is 2738847773 a prime number?
False
Is 1302849101 a composite number?
False
Is 17476747219 a prime number?
False
Is 5895480719 composite?
False
Is 63006781 composite?
False
Is 2338836439 a prime number?
True
Is 245361761 a composite number?
True
Is 72004696607 a composite number?
False
Is 1097035685 composite?
True
Is 3436927231 composite?
True
Is 18868652273 a prime number?
True
Is 40140731101 a composite number?
False
Is 6762149971 composite?
False
Is 36520383917 a prime number?
False
Is 2509580377 prime?
True
Is 8286763847 a composite number?
True
Is 15272370469 composite?
True
Is 1467370951 composite?
True
Is 170422121 composite?
True
Is 11564349547 a prime number?
False
Is 130655384491 composite?
False
Is 7059137227 prime?
False
Is 39475349471 composite?
False
Is 21559415389 a prime number?
True
Is 23911773191 a prime number?
True
Is 165448210337 a prime number?
True
Is 6895594642 prime?
False
Is 5888568041 a prime number?
True
Is 40137336223 composite?
False
Is 3069662411 prime?
True
Is 349188379 a prime number?
True
Is 45336349561 a composite number?
True
Is 34892900635 a prime number?
False
Is 1314305383 composite?
True
Is 14754707093 a prime number?
False
Is 264745813 a prime number?
True
Is 6995206811 composite?
False
Is 113726497 a composite number?
True
Is 148024103293 prime?
False
Is 2777090263 a prime number?
True
Is 57144796283 prime?
False
Is 5033035159 prime?
True
Is 82760328179 a prime number?
False
Is 2626701971 prime?
True
Is 299091347 prime?
True
Is 3450983987 composite?
True
Is 2754343166 a prime number?
False
Is 1629107803 a prime number?
True
Is 14020869479 composite?
False
Is 22187249659 a composite number?
False
Is 24337728739 prime?
False
Is 3122950427 a composite number?
False
Is 10432747601 prime?
False
Is 41011829699 composite?
False
Is 900844757 a composite number?
False
Is 7987479683 composite?
True
Is 1595714051 a composite number?
True
Is 1769808269 a prime number?
False
Is 1397660053 a prime number?
False
Is 45635443 a prime number?
False
Is 12120025619 composite?
True
Is 38840413883 a composite number?
False
Is 85516334989 prime?
False
Is 3167180591 a prime number?
False
Is 1682934497 a prime number?
True
Is 121590493 a prime number?
True
Is 88488287039 composite?
False
Is 15439808029 a composite number?
True
Is 5417896103 composite?
True
Is 56650147343 a prime number?
True
Is 3842472871 prime?
True
Is 4876461337 composite?
True
Is 27420557251 a prime number?
True
Is 2254609133 a composite number?
True
Is 239071999 prime?
True
Is 55083137 prime?
False
Is 13676036611 a prime number?
False
Is 2190988699 a prime number?
False
Is 1011469573 prime?
True
Is 1174044689 a composite number?
False
Is 147283879 prime?
True
Is 1243020353 a composite number?
False
Is 1027388671 prime?
True
Is 1075777763 a prime number?
True
Is 7450282443 a composite number?
True
Is 30103634699 a prime number?
False
Is 55207373723 composite?
True
Is 32322233 composite?
True
Is 1058039483 a prime number?
True
Is 616862989 a prime number?
False
Is 302772433 composite?
False
Is 81728347 composite?
True
Is 5334449111 prime?
True
Is 264898183685 a prime number?
False
Is 13007917567 a composite number?
False
Is 957835103 a composite number?
False
Is 2070691993 a composite number?
True
Is 76396157 prime?
False
Is 124270447 a composite number?
True
Is 4906506197 a composite number?
False
Is 6155885609 composite?
False
Is 15708147451 a prime number?
True
Is 13490712687 a composite number?
True
Is 9387296219 a prime number?
False
Is 97597917421 prime?
True
Is 150245427 a composite number?
True
Is 3578544649 composite?
False
Is 9251570543 composite?
True
Is 2225740523 prime?
False
Is 730266553 a composite number?
False
Is 59742486569 a prime number?
True
Is 2650706813 prime?
True
Is 3003004651 prime?
False
Is 155947147 composite?
True
Is 4986583153 prime?
True
Is 724996421 a composite number?
True
Is 5199844343 a prime number?
False
Is 1405277249 a prime number?
True
Is 3658639667 a prime number?
True
Is 782944819 prime?
True
Is 130277399831 a composite number?
False
Is 908987299 a composite number?
True
Is 1338755419 a prime number?
True
Is 44881422767 prime?
True
Is 8017812403 a composite number?
True
Is 7428370757 composite?
False
Is 10530578711 a composite number?
False
Is 97595161 a prime number?
False
Is 2262592273 prime?
True
Is 7797886363 composite?
False
Is 151968503 composite?
True
Is 74133888967 composite?
True
Is 25075665233 prime?
False
Is 241478533 a prime number?
True
Is 799058441 composite?
False
Is 416204083 a composite number?
True
Is 4520991715 a composite number?
True
Is 70026627491 composite?
False
Is 627891527 a prime number?
False
Is 7339012843 a prime number?
False
Is 4060287853 prime?
True
Is 18335614823 a prime number?
False
Is 15451540103 a composite number?
True
Is 3346908989 composite?
True
Is 235208411 a composite number?
False
Is 17686235669 composite?
True
Is 39600412037 composite?
False
Is 6254221277 a prime number?
False
Is 3632723203 composite?
False
Is 1381991453 a composite number?
False
Is 67367234579 a composite number?
False
Is 943353913 a prime number?
False
Is 1419695503 prime?
True
Is 96896338133 a composite number?
True
Is 27941600143 a prime number?
True
Is 3258298723 a prime number?
False
Is 3549020591 prime?
True
Is 367772929 a prime number?
False
Is 1988689489 prime?
True
Is 10147867591 a composite number?
True
Is 1611338606 a prime number?
False
Is 40912578841 a prime number?
True
Is 1961504257 a prime number?
False
Is 1675029679 prime?
False
Is 163799658457 prime?
True
Is 175992023 prime?
False
Is 51493022429 composite?
False
Is 9194391371 a prime number?
False
Is 4739646973 composite?
False
Is 5735053057 composite?
False
Is 83558605667 a composite number?
False
Is 1522757653 a composite number?
True
Is 8655548357 composite?
True
Is 37761887179 a composite number?
False
Is 28307417939 a prime number?
True
Is 5033133383 composite?
True
Is 1000486423 a prime number?
False
Is 34151712677 prime?
True
Is 18130935783 a prime number?
False
Is 1456474001 composite?
True
Is 15620896667 a composite number?
False
Is 2454047027 a prime number?
False
Is 369293959 a composite number?
False
Is 1765988489 prime?
True
Is 434595163 a prime number?
False
Is 24807586105 a composite number?
True
Is 2367987229 a prime number?
False
Is 15383956639 a composite number?
True
Is 28872877633 a prime number?
True
Is 5112100573 prime?
False
Is 30737537161 composite?
True
Is 13997324183 composite?
True
Is 37291583149 a composite number?
True
Is 179068744451 composite?
False
Is 9875411983 a composite number?
True
Is 5492539295 a prime number?
False
Is 75146765797 a prime number?
True
Is 1312405855 a composite number?
True
Is 1109340019 a prime number?
False
Is 5043419377 prime?
False
Is 21225865327 prime?
True
Is 852958802 a composite number?
True
Is 9012701917 a prime number?
False
Is 5665526329 prime?
False
Is 6052808099 prime?
False
Is 361997131423 composite?
True
Is 26760143471 prime?
True
Is 25406357 composite?
False
Is 4894760239 a composite number?
False
Is 2173210337 prime?
True
Is 887148937 prime?
True
Is 89576029 composite?
False
Is 10577830699 composite?
False
Is 2568837937 composite?
False
Is 7040720437 a prime number?
False
Is 22726585291 co